ulate the remainder when 364668 is divided by 791.
17
What is the remainder when 19190 is divided by 1194?
86
What is the remainder when 44954713 is divided by 171?
10
Calculate the remainder when 260691 is divided by 260683.
8
Calculate the remainder when 383583 is divided by 10094.
11
Calculate the remainder when 3236517 is divided by 1078793.
138
What is the remainder when 1719959 is divided by 355?
339
What is the remainder when 122488 is divided by 1413?
970
What is the remainder when 1034245 is divided by 38294?
307
What is the remainder when 8316466 is divided by 102?
100
Calculate the remainder when 7219935 is divided by 555379.
8
What is the remainder when 196047 is divided by 3698?
53
What is the remainder when 1406884 is divided by 156320?
4
Calculate the remainder when 16796363 is divided by 499.
23
Calculate the remainder when 320772 is divided by 40085.
92
What is the remainder when 1788157 is divided by 133?
105
What is the remainder when 331808 is divided by 165894?
20
Calculate the remainder when 1469447 is divided by 293879.
52
Calculate the remainder when 10905422 is divided by 53.
36
What is the remainder when 23398224 is divided by 43?
32
What is the remainder when 14456050 is divided by 39?
37
Calculate the remainder when 413093 is divided by 593.
365
Calculate the remainder when 47033612 is divided by 47033593.
19
What is the remainder when 73861 is divided by 1711?
288
What is the remainder when 481043019 is divided by 4456?
4451
What is the remainder when 42055 is divided by 1371?
925
What is the remainder when 10521957 is divided by 1753601?
351
Calculate the remainder when 14282061 is divided by 39.
27
Calculate the remainder when 294596 is divided by 3166.
158
Calculate the remainder when 1712244 is divided by 2320.
84
What is the remainder when 1275696 is divided by 255135?
21
Calculate the remainder when 593590 is divided by 333.
184
Calculate the remainder when 399110 is divided by 438.
92
What is the remainder when 205273 is divided by 1257?
382
Calculate the remainder when 224786 is divided by 7251.
5
What is the remainder when 2473875 is divided by 3460?
3435
What is the remainder when 2016047 is divided by 373?
355
Calculate the remainder when 2096200 is divided by 161244.
28
What is the remainder when 3110796 is divided by 100?
96
Calculate the remainder when 1477510 is divided by 1500.
10
Calculate the remainder when 18844 is divided by 9395.
54
What is the remainder when 435818 is divided by 86818?
1728
Calculate the remainder when 74337 is divided by 24774.
15
Calculate the remainder when 45540386 is divided by 22770186.
14
What is the remainder when 117326482 is divided by 29331618?
10
What is the remainder when 1315379 is divided by 2473?
2216
Calculate the remainder when 22127472 is divided by 59.
53
What is the remainder when 933523869 is divided by 32?
29
What is the remainder when 57281927 is divided by 33?
32
Calculate the remainder when 233648 is divided by 878.
100
What is the remainder when 784537 is divided by 391967?
603
What is the remainder when 210095 is divided by 1628?
83
Calculate the remainder when 1497728 is divided by 6113.
43
Calculate the remainder when 309046 is divided by 114.
106
What is the remainder when 77570183 is divided by 186?
185
Calculate the remainder when 3427113 is divided by 34.
15
What is the remainder when 13468526 is divided by 9?
8
Calculate the remainder when 964427 is divided by 321340.
407
Calculate the remainder when 154430 is divided by 153230.
1200
Calculate the remainder when 175807 is divided by 4748.
131
Calculate the remainder when 1914681 is divided by 68.
5
What is the remainder when 33061194 is divided by 2755097?
30
What is the remainder when 74516 is divided by 71472?
3044
Calculate the remainder when 578383 is divided by 44.
3
What is the remainder when 219388 is divided by 576?
508
What is the remainder when 1408258 is divided by 1408246?
12
Calculate the remainder when 99603 is divided by 954.
387
What is the remainder when 35353 is divided by 1290?
523
What is the remainder when 1078334 is divided by 359440?
14
Calculate the remainder when 437646 is divided by 145882.
0
Calculate the remainder when 4592699 is divided by 4592686.
13
What is the remainder when 999343 is divided by 4098?
3529
What is the remainder when 72893013 is divided by 70?
53
Calculate the remainder when 12638716 is divided by 453.
16
What is the remainder when 818054 is divided by 2074?
898
What is the remainder when 194452 is divided by 24293?
108
Calculate the remainder when 4887899 is divided by 7.
2
What is the remainder when 2157842 is divided by 42?
8
Calculate the remainder when 27399826 is divided by 6849935.
86
Calculate the remainder when 309995 is divided by 154803.
389
What is the remainder when 1845525 is divided by 6639?
6522
Calculate the remainder when 548316 is divided by 23839.
19
Calculate the remainder when 18832 is divided by 2030.
562
What is the remainder when 94077238 is divided by 22?
2
What is the remainder when 3982859 is divided by 572?
23
What is the remainder when 3093677 is divided by 4926?
149
What is the remainder when 2846779 is divided by 2450?
2329
Calculate the remainder when 64192 is divided by 750.
442
Calculate the remainder when 220305127 is divided by 12501.
4
Calculate the remainder when 420455 is divided by 1170.
425
Calculate the remainder when 58775 is divided by 4887.
131
Calculate the remainder when 474078 is divided by 155258.
8304
Calculate the remainder when 90934372 is divided by 25.
22
Calculate the remainder when 206778 is divided by 179.
33
What is the remainder when 18711662 is divided by 1505?
1502
Calculate the remainder when 6248900 is divided by 694322.
2
Calculate the remainder when 512721 is divided by 8402.
199
Calculate the remainder when 19638669 is divided by 923.
921
What is the remainder when 15766971 is divided by 228506?
57
Calculate the remainder when 2171624 is divided by 723005.
2609
What is the remainder when 244824564 is divided by 191?
0
What is the remainder when 374550 is divided by 289?
6
What is the remainder when 6141513 is divided by 163?
162
What is the remainder when 64466 is divided by 284?
282
What is the remainder when 617107 is divided by 368?
339
Calculate the remainder when 741750 is divided by 75.
0
Calculate the remainder when 9790 is divided by 2815.
1345
What is the remainder when 2378930 is divided by 594728?
18
Calculate the remainder when 419805946 is divided by 16.
10
What is the remainder when 89567687 is divided by 44783835?
17
What is the remainder when 297983 is divided by 59579?
88
Calculate the remainder when 42395 is divided by 8428.
255
Calculate the remainder when 10650241 is divided by 124.
5
What is the remainder when 949191 is divided by 3082?
3017
Calculate the remainder when 748721 is divided by 93406.
1473
Calculate the remainder when 30174 is divided by 14121.
1932
What is the remainder when 60534 is divided by 5613?
4404
Calculate the remainder when 5247710 is divided by 22522.
84
What is the remainder when 49056 is divided by 368?
112
What is the remainder when 27617419 is divided by 1259?
1254
Calculate the remainder when 189870 is divided by 672.
366
Calculate the remainder when 15028535 is divided by 6177.
6071
Calculate the remainder when 480388100 is divided by 21.
17
What is the remainder when 414388 is divided by 41433?
58
What is the remainder when 299252544 is divided by 99750842?
18
What is the remainder when 1092157 is divided by 40?
37
What is the remainder when 27679 is divided by 851?
447
What is the remainder when 16550635 is divided by 4137655?
15
Calculate the remainder when 443788 is divided by 1397.
939
What is the remainder when 177288 is divided by 19687?
105
What is the remainder when 16820 is divided by 6753?
3314
Calculate the remainder when 486141 is divided by 1449.
726
What is the remainder when 40997 is divided by 9557?
2769
What is the remainder when 2633499 is divided by 254?
27
What is the remainder when 9628 is divided by 9194?
434
Calculate the remainder when 512424033 is divided by 6466.
6465
What is the remainder when 321774 is divided by 119?
117
Calculate the remainder when 11344101 is divided by 11.
10
Calculate the r